{"id":177,"date":"2024-01-18T18:57:05","date_gmt":"2024-01-19T00:57:05","guid":{"rendered":"https:\/\/alascomunidad.org\/alas\/?page_id=177"},"modified":"2024-04-29T11:21:56","modified_gmt":"2024-04-29T17:21:56","slug":"historia","status":"publish","type":"page","link":"https:\/\/alascomunidad.org\/alas\/nosotros\/historia\/","title":{"rendered":"Historia"},"content":{"rendered":"<p>Alas nace en 2014 como <em>colectivo de maestros libres<\/em>, y se va transformando en una <em>comunidad de aprendizaje<\/em> en donde las personas se vinculan en torno al inter\u00e9s por aprender; y a la convicci\u00f3n de hacerlo lejos de las ataduras de la educaci\u00f3n convencional. \u00bfPor qu\u00e9?\u00a0 Porque nos dimos cuenta que la escolarizaci\u00f3n se ha convertido en un sistema que en la mayor\u00eda de los casos inhibe la curiosidad y el gozo por saber y hacer, en vez de avivarlo; y que el modelo escolar vigente se ha olvidado del sentido original de la educaci\u00f3n:\u00a0 el acompa\u00f1amiento de una generaci\u00f3n a otra m\u00e1s joven para favorecer que aprenda a resolver las necesidades de la vida y de la comunidad en cualquiera de sus dimensiones.<\/p>\n<p>En 2014 se conforma el colectivo Alas y comienza a gestarse la propuesta y a realizar actividades espor\u00e1dicas para ni\u00f1@s, j\u00f3venes y adultos, organiz\u00e1ndonos para aprender desde la curiosidad, no desde la obligaci\u00f3n.<\/p>\n<p>En 2017 pasamos de la realizaci\u00f3n espor\u00e1dica de talleres y actividades para ni\u00f1os y adolescentes, a la apuesta formal por ofrecer un espacio enfocado a la\u00a0 adolescencia, al que pudieran acudir de manera constante no solo para aprender, sino para implicarse en el proceso de decidir qu\u00e9 aprender. Esto es posible porque va de la mano del equipo diverso de maestros\/acompa\u00f1antes que estamos comprometidos a compartir saberes, pasiones y formas de hacer, invitando tambi\u00e9n al compromiso que implica la libertad de pensar y de decidir.<\/p>\n<p>El 21 de agosto de 2017 se inicia la comunidad de aprendizaje para adolescentes. La constante de Alas es el movimiento. Como organizaci\u00f3n nos hemos levantado gracias al compartir de muchas personas que han pasado por aqu\u00ed, y de quienes siguen llegando a construir.<\/p>\n<p>&nbsp;<\/p>\n<p>En Alas estamos aprendiendo a organizarnos sin jerarqu\u00edas impuestas. Tomamos decisiones en colectivo, a partir del di\u00e1logo y an\u00e1lisis en nuestras asambleas. Existen (en orden de aparici\u00f3n) la asamblea de maestros, la asamblea de estudiantes, y la asamblea de mam\u00e1s y pap\u00e1s. Dentro de las asambleas existen diferentes comisiones para ejecutar las decisiones y cuidar que se lleven a cabo los compromisos. Desde ah\u00ed estamos aprendiendo que es posible caminar sin que uno mande y los dem\u00e1s obedezcan. Por eso sostenemos que Alas es un proyecto pol\u00edtico-pedag\u00f3gico donde tod@s estamos aprendiendo.<\/p>\n<p>&nbsp;<\/p>\n<p>En febrero de 2023 estamos renaciendo, incorporando aprendizajes de los primeros cinco a\u00f1os de ser comunidad enfocada a la adolescencia. Es desde ahora que nos llamamos Alas, Comunidad de aprendizaje en libertad. Puesto que nos damos cuenta que Alas no somos solo los maestros o facilitadores, es la comunidad. Cada persona que llega es importante, su voz cuenta y es invitada a este ejercicio constante de aprender a ser comunidad.<\/p>\n","protected":false},"excerpt":{"rendered":"<p>Alas nace en 2014 como colectivo de maestros libres, y se va transformando en una comunidad de aprendizaje en donde las personas se vinculan en torno al inter\u00e9s por aprender; y a la convicci\u00f3n de hacerlo lejos de las ataduras de la educaci\u00f3n convencional. \u00bfPor qu\u00e9?\u00a0 Porque nos dimos cuenta que la escolarizaci\u00f3n se ha [&hellip;]<\/p>\n","protected":false},"author":1,"featured_media":0,"parent":384,"menu_order":2,"comment_status":"closed","ping_status":"closed","template":"","meta":{"footnotes":""},"class_list":["post-177","page","type-page","status-publish","hentry"],"_links":{"self":[{"href":"https:\/\/alascomunidad.org\/alas\/wp-json\/wp\/v2\/pages\/177","targetHints":{"allow":["GET"]}}],"collection":[{"href":"https:\/\/alascomunidad.org\/alas\/wp-json\/wp\/v2\/pages"}],"about":[{"href":"https:\/\/alascomunidad.org\/alas\/wp-json\/wp\/v2\/types\/page"}],"author":[{"embeddable":true,"href":"https:\/\/alascomunidad.org\/alas\/wp-json\/wp\/v2\/users\/1"}],"replies":[{"embeddable":true,"href":"https:\/\/alascomunidad.org\/alas\/wp-json\/wp\/v2\/comments?post=177"}],"version-history":[{"count":3,"href":"https:\/\/alascomunidad.org\/alas\/wp-json\/wp\/v2\/pages\/177\/revisions"}],"predecessor-version":[{"id":224,"href":"https:\/\/alascomunidad.org\/alas\/wp-json\/wp\/v2\/pages\/177\/revisions\/224"}],"up":[{"embeddable":true,"href":"https:\/\/alascomunidad.org\/alas\/wp-json\/wp\/v2\/pages\/384"}],"wp:attachment":[{"href":"https:\/\/alascomunidad.org\/alas\/wp-json\/wp\/v2\/media?parent=177"}],"curies":[{"name":"wp","href":"https:\/\/api.w.org\/{rel}","templated":true}]}}

<p>Alas nace en 2014 como <em>colectivo de maestros libres</em>, y se va transformando en una <em>comunidad de aprendizaje</em> en donde las personas se vinculan en torno al interés por aprender; y a la convicción de hacerlo lejos de las ataduras de la educación convencional. ¿Por qué?  Porque nos dimos cuenta que la escolarización se ha convertido en un sistema que en la mayoría de los casos inhibe la curiosidad y el gozo por saber y hacer, en vez de avivarlo; y que el modelo escolar vigente se ha olvidado del sentido original de la educación:  el acompañamiento de una generación a otra más joven para favorecer que aprenda a resolver las necesidades de la vida y de la comunidad en cualquiera de sus dimensiones.</p>
<p>En 2014 se conforma el colectivo Alas y comienza a gestarse la propuesta y a realizar actividades esporádicas para niñ@s, jóvenes y adultos, organizándonos para aprender desde la curiosidad, no desde la obligación.</p>
<p>En 2017 pasamos de la realización esporádica de talleres y actividades para niños y adolescentes, a la apuesta formal por ofrecer un espacio enfocado a la  adolescencia, al que pudieran acudir de manera constante no solo para aprender, sino para implicarse en el proceso de decidir qué aprender. Esto es posible porque va de la mano del equipo diverso de maestros/acompañantes que estamos comprometidos a compartir saberes, pasiones y formas de hacer, invitando también al compromiso que implica la libertad de pensar y de decidir.</p>
<p>El 21 de agosto de 2017 se inicia la comunidad de aprendizaje para adolescentes. La constante de Alas es el movimiento. Como organización nos hemos levantado gracias al compartir de muchas personas que han pasado por aquí, y de quienes siguen llegando a construir.</p>
<p>&nbsp;</p>
<p>En Alas estamos aprendiendo a organizarnos sin jerarquías impuestas. Tomamos decisiones en colectivo, a partir del diálogo y análisis en nuestras asambleas. Existen (en orden de aparición) la asamblea de maestros, la asamblea de estudiantes, y la asamblea de mamás y papás. Dentro de las asambleas existen diferentes comisiones para ejecutar las decisiones y cuidar que se lleven a cabo los compromisos. Desde ahí estamos aprendiendo que es posible caminar sin que uno mande y los demás obedezcan. Por eso sostenemos que Alas es un proyecto político-pedagógico donde tod@s estamos aprendiendo.</p>
<p>&nbsp;</p>
<p>En febrero de 2023 estamos renaciendo, incorporando aprendizajes de los primeros cinco años de ser comunidad enfocada a la adolescencia. Es desde ahora que nos llamamos Alas, Comunidad de aprendizaje en libertad. Puesto que nos damos cuenta que Alas no somos solo los maestros o facilitadores, es la comunidad. Cada persona que llega es importante, su voz cuenta y es invitada a este ejercicio constante de aprender a ser comunidad.</p>

<p>Alas nace en 2014 como colectivo de maestros libres, y se va transformando en una comunidad de aprendizaje en donde las personas se vinculan en torno al interés por aprender; y a la convicción de hacerlo lejos de las ataduras de la educación convencional. ¿Por qué?  Porque nos dimos cuenta que la escolarización se ha [&hellip;]</p>
